
4
Let u = 1398 - -212. What is the tens digit of u?
1
Suppose 5*o = 4*p - 26, -p + 3*o - 4 = -14. Suppose -4*n + 344 = -n + p*m, -575 = -5*n - 5*m. What is the tens digit of n?
1
Suppose 0 = 35*p + 2896 - 9861. What is the units digit of p?
9
What is the tens digit of (0 + 4/14)/(2/6146)?
7
What is the thousands digit of (3 - (0 - 1))*45300/120?
1
Let k(o) = 2*o**3 - 2*o**2 + o + 1. Suppose -3*y + 3 + 6 = 0. Let f be k(y). Let m = -27 + f. What is the units digit of m?
3
Let d be (5/(-1) - 81) + 2. Let z = d + 105. What is the tens digit of z?
2
Suppose -2*d - 5 = -3*d. Let b be (-78)/5 + (12/10)/2. What is the units digit of d*((-54)/b + -3)?
3
Suppose b + 1685 = 3*x, -3*x + 422 = 5*b - 1269. What is the units digit of 4 + (-3 - x)/(-5)?
7
Suppose -4652 = -3*o + 4*y, -4660 = -3*o - 12*y + 14*y. What is the thousands digit of o?
1
Let g be (-30*(-1)/1)/(6/4). What is the tens digit of 19/95 - 22*(-38)/g?
4
Let o(x) = -x**3 + 3*x - 4. Let b be o(-3). Let j(t) = t**2 - 12*t - 11. What is the tens digit of j(b)?
1
Let w be ((-16)/(-6))/(18/378). What is the units digit of (15/(-20))/((-6)/w)?
7
Let h(g) = 40*g**3. Let t be 6/6 - (0 + 0). What is the units digit of h(t)?
0
Suppose -103*h - 4519 = -104*h. What is the thousands digit of h?
4
Let r(c) = -152*c**3 - c**2 - c - 1. Let t be r(-1). Suppose -137 = -4*p + t. Suppose j - 32 = -3*s, 10*s - 5*s - p = 3*j. What is the tens digit of s?
1
Let u(i) = -i**2 - 14*i - 15. Let f be u(-12). Let w(d) = -d**3 + 8*d**2 + 18*d - 4. What is the tens digit of w(f)?
7
Let f be 4 - (-12)/(-3) - -333. Suppose 5*b - 335 = -5*j, -8*j - 4*b + f = -3*j. What is the units digit of j?
5
Let r be (2/3)/(4/1782). Suppose 135 = 12*l - r. What is the units digit of l?
6
Let t = -264 - -626. What is the tens digit of t?
6
Let j = 13 + -30. Let r(x) = x**3 + 18*x**2 + 15*x - 24. Let m be r(j). Suppose -d + q + m = 0, 2*d + 0*d = 3*q + 21. What is the units digit of d?
9
Suppose 2*g - 953 = -5*i + 6*g, -5*i - 5*g + 935 = 0. What is the units digit of i?
9
Suppose -1345 = -20*z + 33835. What is the hundreds digit of z?
7
Let g be 785 - -3*(-5)/15. Suppose -7*k = k - g. What is the units digit of k?
8
Suppose 0 = 4*c + 3*a - 7349, a - 5508 = -3*c - 0*a. What is the thousands digit of c?
1
Let g = 150 - -318. What is the tens digit of g?
6
Suppose -18680 = -12*w - 4688. What is the hundreds digit of w?
1
Suppose 3*f = -0*f + 2*d + 21, 3 = -d. Suppose 2*o + 5*a - 55 = -0*o, 5*o = -3*a + 147. Suppose 0 = f*z - o. What is the units digit of z?
6
What is the tens digit of (-2*1/(-6))/((-4)/(-14964))?
4
Let x be -2 + 5 - (-19 - 3). Suppose 0 = 5*f - x, -2*i - 2*i + 1 = -3*f. Suppose -i*c + 97 + 27 = 0. What is the units digit of c?
1
Let x = -23 - -10. Let a = -11 - x. Suppose s - 29 = a. What is the tens digit of s?
3
Let q(j) = -29*j**3 + 4*j**2 + 2*j - 4. Let n be q(2). Let f = 533 + n. What is the units digit of f?
7
Let g be (-28)/(-35)*(-30)/4. Let s = g - -5. What is the units digit of -17*(-3 - (s - 0))?
4
Suppose -2*c - 96 = -k, -4*c + 108 = -5*k + 594. What is the units digit of k?
8
Suppose 209 + 123 = -2*y. What is the units digit of (y/6)/((8/3)/(-8))?
3
Suppose 2*n = 3*c - 6, 5*n + 2 = -2*c + 25. Suppose -540 = -c*j - 2*x, -8*x + 4*x - 564 = -4*j. What is the hundreds digit of j?
1
What is the units digit of 4 + ((-374)/(-51))/(2/150)?
4
Let o = 7 + 44. Let g = o + 3. What is the units digit of g?
4
What is the units digit of (-84)/224 - (-4203)/8?
5
Suppose -2*c - c + 6 = 0, 4*n - 744 = -2*c. Suppose 0 = -6*s + 889 + n. What is the tens digit of s?
7
Suppose -3*x - 5*v + 298 + 766 = 0, 1467 = 4*x - 3*v. What is the hundreds digit of x?
3
Let d be -12*((-9)/(-6) - 2). Let k(y) = y**2 - 2*y - 8. What is the units digit of k(d)?
6
Let c be 3/(0 + 12/(-56)). Let d be 2 - (30 - (1 - 2)). Let a = c - d. What is the units digit of a?
5
Let i = -19 - -22. Suppose 4*z - 160 = -0*z + 4*l, 4 = l. Suppose 0 = -i*u + h + 126, -4*h - 50 = -2*u + z. What is the tens digit of u?
4
What is the tens digit of ((3 + -6 - 282) + -4)*-1?
8
Suppose -12 = 4*n + 4*m, -4*n = -m + 2*m + 24. Let u(w) = -2*w**2 - 10*w - 3. Let v be u(n). What is the units digit of 1 + ((-8)/(-2) - v)?
6
Let a(d) = 2*d**2 + d - 1. Let o be a(1). Suppose -2*y - o*y = -20. Suppose -8*u = -4*u + y*j - 44, -2*u = 5*j - 22. What is the tens digit of u?
1
Let u = 975 + -577. What is the tens digit of u?
9
Suppose 0 = 5*v + 39*g - 43*g + 132, -3*g = 4*v + 118. Let f(x) = -52*x**2 - 2*x - 1. Let q be f(-1). Let m = v - q. What is the tens digit of m?
2
Suppose -10*s + 7*s = 12. Let n be (s + 2 + -25)*-2. Suppose -7*d + n = -4*d. What is the tens digit of d?
1
Suppose a - 349 = -o, 0 = -4*a - o + 4*o + 1424. What is the hundreds digit of a?
3
Suppose 2634 = 11*x - 4351. What is the tens digit of x?
3
Suppose -7*p + 12 = -3*p - 4*d, -6 = -4*p - 2*d. Suppose -m = 4*c - 2*m + 358, -p*c + 5*m = 170. What is the units digit of 20/3*c/(-75)?
8
Let m be 4*7 - (-1 + -1). Let q be -3*5/60 + (-9)/(-4). Suppose p = q, 0*h - 3*p - m = -h. What is the tens digit of h?
3
Let o be 2/(-5) - (-4)/10. Suppose q + o = -1. What is the units digit of (-1)/(q/(-2 - -24))?
2
Suppose -3*t = 2*r - 14, -4*t - 3*r + 16 + 1 = 0. Let w be 12/t*(-248)/(-6). Suppose -3*o = -w - 37. What is the tens digit of o?
3
Suppose -r + 2*n + 81 = 3*n, 96 = r - 2*n. Suppose 3*z - 5*u - r = 72, -234 = -4*z + 2*u. What is the tens digit of z?
6
Let r = -1289 + 3392. What is the hundreds digit of r?
1
What is the hundreds digit of (4*(-15)/(-16))/(2/472)?
8
Let c = 94 + -156. What is the units digit of 1810/14 - c/(-217)?
9
Suppose 3*d - 8 - 22 = 0. What is the units digit of d?
0
Suppose -23*o + 835 = 5*l - 27*o, 3*o + 840 = 5*l. What is the hundreds digit of l?
1
Let u(p) = 66*p - 33. What is the units digit of u(2)?
9
Let j be (3 - (0 + -1))/2. Suppose -15 = -3*k, 7 = -j*s - 3*k - 6. Let l = s - -33. What is the units digit of l?
9
Let c(w) = w**2 - 46*w + 104. What is the hundreds digit of c(-26)?
9
Let l = -414 - -882. What is the tens digit of l?
6
Let w = 3759 + -2462. What is the tens digit of w?
9
Let w(q) = -q**3 - 19*q**2 - 19*q - 14. Let l be w(-18). Suppose f + 1674 = 5*g, 0 = -2*f + 3*f + l. What is the hundreds digit of g?
3
Suppose 355*m = 351*m + 3712. What is the tens digit of m?
2
Let g(m) be the second derivative of m**4/12 - 4*m**3/3 - 4*m**2 + 5*m. What is the units digit of g(12)?
0
Suppose -3 + 24 = 7*g. Suppose 0 = -g*f - 2*f + 235. What is the units digit of f?
7
Suppose 0 = 2*g - 2*h - 7964, 46*h = -4*g + 44*h + 15916. What is the hundreds digit of g?
9
Suppose f + 0 = 4. Let y(a) be the third derivative of a**4/24 + a**3/3 - 2*a**2. What is the units digit of y(f)?
6
Let s = -7 + 7. Suppose 3*d + s*d = 9. What is the tens digit of (90/4)/(d/4)?
3
Let h = -1838 - -2789. What is the hundreds digit of h?
9
Let u = 38 + 896. What is the units digit of u?
4
Let l be (-2)/5 - 10108/(-20). Let q = -317 + l. What is the tens digit of q?
8
Suppose 0 = -2*v + n + 10, -3*v + 11 = 2*v + n. Suppose -4*o - 5*c + 82 = 0, -64 = -2*o + 5*c - 8. What is the units digit of o/v - (-6)/(-9)?
7
Let j = -411 - -1466. What is the tens digit of j?
5
Suppose 3*n + c = -3*c + 12, -2*c + 20 = 5*n. Let v be 17/4 + n/(-16). Suppose -v*w - 124 = -8*w. What is the tens digit of w?
3
Suppose 3078 = 5*z - 2*v, 434 + 183 = z + v. What is the units digit of z?
6
Suppose 0 = f - 0*f. Let r be 4 + (0 + f - 1). Suppose 9 = r*h + s, 0*h + 5 = -2*h + 3*s. What is the units digit of h?
2
Let w(x) be the third derivative of 4*x**5/15 - x**4/24 + x**3/6 - 3*x**2. Let y be w(2). Suppose 2*k - y = -k. What is the units digit of k?
1
Let m = -1 - -6. Suppose -2*p + 5*p - 6 = 0, 4*p + 147 = m*n. Suppose -n = x - 2*x. What is the units digit of x?
1
Suppose -1513 - 411 = -4*w. What is the hundreds digit of w?
4
Suppose 0 = -4*s + 2*m - 5*m + 23, 0 = -2*s - 5*m + 29. Suppose -4*b + 441 = 5*t, s*t - b - 4*b = 183. What is the tens digit of t?
8
Let a be ((-36)/(-8))/3*2. What is the units digit of 2 - a - 126/(-2)?
2
Let r(z) = -41*z - 3. Let i be r(-5). Let l = i - 53. What is the hundreds digit of l?
1
Suppose u - 56 = -3*u. Let x = u + -19. Let m = 9 - x. What is the units digit of m?
4
Suppose 308*j = 311*j - 2871. What is the u